x, -x - u = -5*t + 3*x. What is the units digit of t?
8
Let z be (-16 - 1)*(1 - 2). Suppose -2*h + 9 = -z. What is the units digit of h?
3
Suppose 3*l = -5*o + 5 - 0, 0 = -4*l. Let h be -2 - (0 - (3 + o)). What is the units digit of (h - 1)*4 + 0?
4
Let k(d) = -4 + d**3 - 4*d**2 - 1 - d + 0*d - 2*d. What is the units digit of k(5)?
5
Let s(u) = -2*u**3 + u**2 - u - 1. What is the units digit of s(-1)?
3
Let o(w) = 4*w - 21. What is the units digit of o(9)?
5
Let w(p) = -5 + 2*p - 5 + 4. Let l be w(4). Suppose 0 = l*o + 2*o - 32. What is the units digit of o?
8
Let t be 5/(-2)*(-36)/15. Suppose 2*d = -3*d + 20. Suppose -d*y + 5 = 3*q, -5*y = q + t - 4. What is the units digit of q?
3
Let g(f) = -7*f - 8 + 3*f + 4. What is the units digit of g(-3)?
8
Let k(z) = z**3 + 5*z**2 - 3*z - 7. What is the tens digit of k(-4)?
2
Let h = -9 + 89. What is the tens digit of h?
8
Let t be (-64)/(-28) + 4/(-14). Suppose 3*c - 107 = -4*b, 2*c = b - t*c - 3. What is the units digit of b?
3
Suppose 3*g - 112 = -g. What is the units digit of g?
8
Suppose -2*y = -0*y + 4. What is the units digit of y*((-6)/4)/1?
3
Let x(c) be the third derivative of -c**5/60 - 11*c**3/6 - 2*c**2. Let m be x(-9). What is the tens digit of 1/(-3 - m/30)?
1
Suppose -2*a + 3*a = 0. Suppose 2*g - 2*y = y + 10, a = -y - 2. What is the units digit of g?
2
Suppose -3*k = -15, -5*w - 5*k + 7*k + 335 = 0. What is the units digit of w?
9
Let y be (2 - 14)*(-3)/(-9). Let a(w) = -w**3 - 5*w**2 - 10*w - 2. What is the units digit of a(y)?
2
Let r = -7 + 10. What is the units digit of r + 24 + 3/3?
8
Suppose -5*v + 7*n - 4*n + 315 = 0, 3*n + 15 = 0. What is the units digit of v?
0
Let i = -1 - -3. Suppose 5*g - i*r = 3, -g = -5*g + r + 3. Suppose -v + g = -2. What is the units digit of v?
3
Let r = 27 - -3. Let q = r - 14. What is the units digit of q?
6
Suppose 5*p = 5, -u - p + 370 = 110. What is the hundreds digit of u?
2
Let p(y) = y**3 - 5*y**2 + 3*y - 7. Let t be p(5). What is the units digit of 106/t - (-7)/(-28)?
3
Let d(q) = 5*q - 1. Let r be d(1). Let v = 38 + -35. Suppose -2*u - r = -v*u. What is the units digit of u?
4
Suppose 3*y - y = 218. What is the hundreds digit of y?
1
What is the hundreds digit of -1 + (-3)/(-2)*550/3?
2
Let p = 21 - 11. Suppose -3 = -5*r + 4*q + p, -5*r - 3*q = 1. What is the units digit of r?
1
Let a(m) = 2*m**2 + 4*m - 1. Let f be a(-3). Suppose -b - 32 = -4*g, -6 = 2*g + f*b - 0*b. What is the units digit of g?
7
Let x be 5/(10/(-6)) - 0. Let z = 6 + x. What is the units digit of z?
3
Suppose -3*v - 10 = -8*v. What is the units digit of v?
2
Suppose 0 = t - 4*t + 102. Suppose -t = -5*a + 81. What is the units digit of a?
3
Suppose 3*f - 448 = -5*a - 77, -2*f + 5*a = -239. What is the units digit of f?
2
Let z = 7 - 12. What is the units digit of 2/z + (-186)/(-15)?
2
Suppose p + 5*m - 18 = 0, 0*p = 2*p - 2*m. Let n = -13 + 14. What is the units digit of 8 - 6/p*n?
6
Let q(w) = -w + 22. What is the tens digit of q(12)?
1
Let t = 9 - 17. Suppose 3*i - 5*g + 80 = 0, 0*g + 142 = -5*i + 4*g. Let p = t - i. What is the tens digit of p?
2
Suppose -z = 3*z - 8. Suppose 0 = 4*g - n - 12, z*n = 5*g + n - 14. What is the units digit of (0 - -8) + -2 - g?
4
Let n(c) be the third derivative of 1/3*c**3 + 1/60*c**6 - 1/60*c**5 + 0*c + 0 - 1/12*c**4 - 2*c**2. What is the units digit of n(2)?
0
Let q(i) = 5*i. Let l = 4 + -1. Suppose 4*b - 5 = l. What is the units digit of q(b)?
0
Let j(d) = d**2 - 10*d + 1. Let k be j(8). What is the units digit of (-7)/(-5) - (-6)/k?
1
Suppose 0 = 3*g - g. Suppose g*n = 2*n + 4. Let u = n - -4. What is the units digit of u?
2
Let z(f) = 3*f + 1. Let a be z(1). Let o = 40 - 15. Suppose -a*x + o = -7. What is the units digit of x?
8
Let b(j) = j - 4. Let v be b(7). Suppose v*s = -0*s. Suppose -3*a - 3*c + 18 + 0 = s, 0 = 2*a - c - 27. What is the units digit of a?
1
Let s = -35 + 23. Let y be (-3 - 0)/(s/8). What is the units digit of y/(0 - (-6)/21)?
7
What is the tens digit of 2/(6/(-267)*-1)?
8
Suppose 0*g - 10 = -2*d + 5*g, 0 = 5*g. Suppose 19 = 5*r - 3*r + p, d*r + 4*p - 49 = 0. What is the units digit of r?
9
Let q be (-12)/(-21)*(-14)/(-4). What is the units digit of q/(-7) + (-37)/(-7)?
5
Let c(g) = g**3 + g**2 - 2*g - 1. Let d(h) be the first derivative of -h**4/4 + h**3 - h**2/2 - 4. Let t be d(2). What is the units digit of c(t)?
7
Let i be -2 - (1*-2 - 2). Suppose -i*a - 8 = 4. What is the tens digit of (20/a)/(2/(-6))?
1
Let g(t) = t**2 - t. What is the units digit of g(-5)?
0
Let m be -2 - (-8 + -1 + 1). Suppose 0 = -4*q + 2*q - m. Let p = q + 4. What is the units digit of p?
1
Let k = 30 + -13. Let u = k + -4. What is the tens digit of u?
1
Let f = 527 + -357. What is the tens digit of f?
7
Let u = 200 - 27. What is the hundreds digit of u?
1
Let i = -1 - -11. Suppose 2*w - i = -0. What is the units digit of w?
5
Let b(d) = d**2 + 2*d + 1. Let h be ((-8)/(-24))/((-2)/12). What is the units digit of b(h)?
1
Suppose 3*w - 2*w - 37 = 0. What is the tens digit of w?
3
Let h = 19 + -13. Let v(t) = -t**2 + 5*t - 6. Let o be v(h). What is the units digit of (15/6)/(-5)*o?
6
Suppose 0 = -2*g + 2*t + 65 - 3, 0 = 2*g - 4*t - 64. What is the units digit of g?
0
Let n(o) = -3*o**3 + 2*o**2 - 2*o + 1. Let p be n(1). Suppose -2*c + 10 - 2 = 0. Let h = p + c. What is the units digit of h?
2
What is the units digit of (-2)/(-5) + (-2745)/(-75)?
7
Suppose -18 = -0*m - 2*m. Let a(v) = 2*v - 3. What is the units digit of a(m)?
5
Suppose 0 = 3*i - 2*i - 3*s - 12, 0 = 5*i - 4*s - 27. Let r(c) = c**2 - 3*c. Let o be r(i). Suppose o = -0*f - 2*f + 10. What is the units digit of f?
5
Let p = -2 - 4. Let d be (p/(-3))/(-1) + 5. Suppose -5*j + 20 = -5*o, 0 = d*o - 7 - 2. What is the units digit of j?
7
Let g(y) = -2*y + 1. Let t be g(-7). Suppose -4*x + 2 = 2*u + 8, -x - t = 5*u. Let v = 9 - x. What is the units digit of v?
9
Let c = 19 + 2. Suppose 4*g = -4*p + 55 + c, 2*g + 82 = 4*p. Suppose 2*w = -5*u - 2*w + 50, 2*u - p = w. What is the tens digit of u?
1
Let k = 35 - -2. What is the units digit of k?
7
Suppose 0*a - 4*a = 0. Suppose u + u - 4*l = 4, a = 3*l + 6. Let r(y) = 2*y**2 + y + 2. What is the units digit of r(u)?
8
Suppose -2*y = x - 53, 5*y + 0*y + x = 131. Suppose 4 + y = 5*i. What is the units digit of i?
6
Let y(p) = -p**3 - 3*p**2. Let m be y(-3). Suppose m = 3*g - 5*d - 38, -5*d = -2*g + 11 + 21. What is the units digit of g?
6
Suppose -k + x + 19 = -x, -k = x - 7. Let s(u) = u**3 + 10*u**2 - 14*u - 2. Let o be s(-11). Let q = o - k. What is the units digit of q?
0
Let c be 4/(-1 - (-5 + 2)). Suppose 5*q = 5*g - 50, -5*g + 12 = -c*g + 3*q. What is the units digit of g?
7
Let a(v) = -19*v - 3. Let b be (-4 - 0/2)/2. What is the tens digit of a(b)?
3
Suppose -3*d = -2*d - 5. Let q(k) = k**3 - 4*k**2 + 4*k + 2. What is the units digit of q(d)?
7
Suppose 3*i = 2*i - 3*x - 9, -2*i - 4*x - 10 = 0. Suppose 2*f = i*d - d - 2, f = -d + 5. Suppose -4*a - d = -7. What is the units digit of a?
1
Suppose -2*y + 98 = q - 5*q, -2*q - 4*y - 64 = 0. What is the tens digit of (-1 - q) + (-1)/1?
2
Let q(h) = -h + 1. Let d be q(4). Let z = 0 + d. Let u = z + 11. What is the units digit of u?
8
What is the tens digit of (-2)/7 + (-3792)/(-42)?
9
Let p(u) = 4*u**2 + 6*u + 5. Let i(f) = 3*f**2 + 6*f + 6. Let x(q) = -5*i(q) + 4*p(q). What is the units digit of x(8)?
6
Let w(r) = 3*r + 9. Let n be w(-10). Let x = n - -40. What is the tens digit of x?
1
Let g = 6 - 3. Suppose g*w = 7*w + 4. What is the units digit of (9 - 5) + (w - 0)?
3
Suppose 4*n - 26 = 2*n. What is the units digit of n?
3
Suppose 58 = -9*s + 11*s. What is the units digit of s?
9
Let l = 30 - 18. What is the units digit of l?
2
Let t be 14/1*6/(-3). Let y = 65 + t. What is the units digit of y?
7
Suppose 960 + 106 = 3*x + 2*k, 4*x - 4*k - 1428 = 0. What is the hundreds digit of x?
3
Suppose 3*a + 0*b - 42 = 3*b, 5*b + 34 = 3*a. What is the units digit of a?
8
Suppose 3*h = -2*h. What is the tens digit of (-1 - h)*(-6 + -4)?
1
What is the hundreds digit of (0 + -14)*(-7 - 4)?
1
Let x be (4 - 6) + 2/(-1). Let u be 3/(-4) - 327/x. Suppose 0 = 5*y - u + 1. What is the tens digit of y?
1
Let k(a) = a**2 + 7*a + 6. Let b be k(-4). Let t = b - -4. What is the units digit of t*(-2 - 2) - 